*f + 749. Is r(4) a composite number?
False
Let d(c) = -31*c + 112. Let o be d(4). Let s(z) = 7*z**2 - 12*z - 37. Is s(o) a prime number?
False
Suppose r - 3*i - 38 = 8, -4*i = -5*r + 230. Let t = r - 50. Is (94/t)/((-15)/330) prime?
False
Is 270951 - -27 - (10 - -3) prime?
False
Let n = 730 - 293. Let q be n/4 - ((-17)/(-4) - 4). Suppose -114*s = -q*s - 7405. Is s composite?
False
Let u be (-1760)/(-7 + 2) + 2 + -3. Let h = u - 194. Is h prime?
True
Let b = 59309 - -20270. Is b a composite number?
False
Let c be 166352/128 + 6/16. Let v = c + -513. Is v a prime number?
True
Is (15/30*-29383)/(5/(-10)) prime?
True
Let b be ((-9)/((-396)/(-55)))/((-2)/56). Is 37365/b*1 - (-8)/(-14) a prime number?
False
Is (-9 + 32323 - (2 - -5)) + 4 a prime number?
False
Suppose -232958 = -2*z + 4*b, -5*b = -2*z - 10*b + 233003. Is z composite?
True
Let n = 33 - 36. Let z be ((-15)/n - 7) + 0 + 1170. Suppose 0 = 2*x + 3*w - z, 0 = -4*x + 4*w + 221 + 2135. Is x composite?
False
Let o(z) = z**3 - z**2 - 3*z - 15. Let w be o(0). Let x(i) = i + 19. Let l(b) = -b. Let p(g) = l(g) - x(g). Is p(w) prime?
True
Suppose 1157258 = 2*o - 5*j, 4*j = 4*o + 9*j - 2314576. Is o a composite number?
True
Is ((-439165)/(-15) + 0)*(2/(-2) - -4) a prime number?
True
Let o(p) = -2*p**3 - 268*p**2 - 281*p + 603. Is o(-134) a composite number?
True
Let g = 104 - 66. Let b = g - 81. Is 5/5*-3*b a composite number?
True
Let p = -115965 + 177818. Is p composite?
True
Suppose 3182336 + 5349065 = 137*d. Is d a composite number?
False
Let b be 180/(-22) + 6/33. Is (b - -9)*(3945 - 4/2) a prime number?
True
Let s be (1 - 4/12)*-3. Let h be s/3 - ((-16)/(-6))/(-4). Suppose y + 4*w = -h*y + 1185, y - 1179 = -w. Is y composite?
True
Suppose 3*x + 1 = 2*n - 4*n, -3*x - 15 = 0. Let t(u) = -20*u**3 - 9*u**2 + 18*u - 8. Let q be t(n). Let c = -3246 - q. Is c a prime number?
False
Let g = 645259 - 321365. Is g a composite number?
True
Let c be (-12)/3*(1/(-1) - 879). Let g = c - 2048. Let i = g - 403. Is i prime?
True
Suppose -8630 = 5*s + 3*b - 0*b, 5*s - 3*b + 8660 = 0. Let o = s - -3830. Is o composite?
True
Let i = 5626 - -21781. Is i prime?
True
Is 98946/1 + (9 + (-36)/4 - -5) composite?
True
Let q(t) = 1386*t - 5. Let r(l) = -l + 4. Let v(h) = -2*q(h) + 22*r(h). Is v(-2) composite?
True
Let t = 802740 + -74407. Is t a prime number?
True
Let d = -50 - -71. Suppose -11*s = -4*s - d. Suppose s*k = 2*y - 6022, 0 = -5*y + 3*k + k + 15069. Is y a composite number?
True
Is (-8)/6*((-116552)/32 + -8) composite?
True
Let d be (3/10)/((-48)/(-64))*3720. Let j = 2515 - d. Is j a prime number?
False
Let p(y) = -99*y - 14. Suppose -u = 4*m - 158, -3*m + 2*u + 111 = -u. Suppose m = -5*h - 2*n, -h - 5*n = -2*n. Is p(h) prime?
True
Let q(v) = -2*v**3 - 75*v**2 - 34*v + 119. Let a be q(-37). Let j(o) = 498*o**2 - 17*o + 3. Is j(a) a composite number?
True
Suppose k + k = 3*w - 14995, 2*w + 5*k - 9984 = 0. Suppose 5*o = 3*d - w, -4*d + 2*d - 2*o + 3310 = 0. Suppose -7341 + d = -6*y. Is y a prime number?
True
Suppose 1537113 = 2*k + 46*k - 618519. Is k composite?
False
Let x(u) = u**2 + 3*u - 6. Let a be x(-4). Is (-1 - 1)*4310/(-4) + a composite?
False
Suppose 15*x = 5*x + 30. Is (13 - x - 5)*203768/20 prime?
False
Let g(a) = -3*a - 15. Let c be g(-6). Let x be 12/c - (6 - 6). Is 6/x*(-332)/(-6) a prime number?
True
Let h(m) = -390*m**3 - 73*m**2 - 427*m + 5. Is h(-6) prime?
True
Suppose 3*y - 4 + 3 = 5*l, -4*l = 5*y - 14. Suppose 3*a - 5*b = y*a - 11, 4*a - 2*b + 8 = 0. Is -733*7/7*1/a a prime number?
True
Let r = 292859 - 105228. Is r a prime number?
True
Let q(g) be the third derivative of 11*g**5/20 - 13*g**4/12 - 11*g**3/6 + g**2. Suppose -3*o - 93 = -7*t, 21 = 2*t + 557*o - 556*o. Is q(t) a prime number?
False
Let n(o) = 310*o**2 + 10*o + 1229. Is n(25) prime?
True
Let s = 40 - 9. Let y = -26 + s. Suppose 332 = 3*x + u, -10 = 5*u - y. Is x a composite number?
True
Let q(i) = -919*i**3 + 10*i**2 + 22*i + 18. Is q(-5) a prime number?
False
Is 171639/5 - 1512/(-1260) composite?
True
Suppose 0 = c, 5*c - 3*c + 45 = 3*l. Let v be (-3)/(8/(200/l)). Is (-1910)/(-4 + (-3 - v)) composite?
True
Let g(f) = -13241*f - 1772. Is g(-15) prime?
False
Let h(t) be the first derivative of t**4/4 - 5*t**3/3 - 5*t**2/2 + 7*t + 10. Let o be h(6). Suppose -f = -o - 2. Is f composite?
True
Suppose -7*y + 81*y - 148 = 0. Let k(o) = 1 - o - o + 36*o**2 - 2*o**2. Is k(y) composite?
True
Is ((-103574)/(-12))/((-133)/(-798)) prime?
True
Let f(b) = 79*b**2 - b + 3. Let u be f(9). Suppose 5*r - p - 4*p = 16020, 2*r = -3*p + u. Suppose -r = -6*m - 5*m. Is m composite?
True
Suppose -159*r + 9398449 + 8424338 = 0. Is r prime?
False
Let c = -4375 - -11570. Suppose c = -75*d + 80*d. Is d prime?
True
Let t(d) = 1321*d - 5. Let z be t(-5). Let r = 12855 + z. Is r a composite number?
True
Let i(g) = -4*g**2 - 5*g - 20. Let s be i(17). Let q = -2058 - s. Let w = 1546 + q. Is w composite?
True
Let u = 968 - -4101. Is u a composite number?
True
Let n(l) = -99*l**2 + 158*l - 208. Let f(t) = 33*t**2 - 53*t + 69. Let x(k) = -17*f(k) - 6*n(k). Is x(-26) composite?
True
Let g be (-6 - (-49)/7)*-1633. Let f = 1005 - g. Is f a composite number?
True
Let x be (11/(220/(-32)))/(2/(-5)). Suppose 0 = -x*s - 4*s + 17624. Is s prime?
True
Let n = 31594 - 16905. Is n composite?
True
Let j(a) = a**3 + 16*a**2 - 15*a + 15. Suppose 4600 = 7*n - 8*n. Let q be 2/(-9) + (n/(-36))/(-10). Is j(q) prime?
False
Let z(u) = -110313*u + 1001. Is z(-4) a composite number?
True
Suppose 22*b + 43405 = -16985. Let n = b + 4078. Is n a prime number?
False
Suppose 0 = -3*d - j + 10631, j = 5*d - 13419 - 4286. Suppose 4*k - d = -2*h, -5*h = -k - 3*k - 8897. Is h composite?
False
Let l be 716/(-4 - 1359/(-342)). Let w = l - -39867. Is w prime?
True
Let s(a) = a**2 + 12*a + 25. Let u be s(-6). Let y(m) = -m**3 - 10*m**2 + 12*m + 11. Let n be y(u). Suppose 573 = -n*c + 3*c. Is c a prime number?
True
Let c be 7372 - (-3)/(-6)*-2. Let h be c/(-1 + 2) - 5. Let g = -5263 + h. Is g composite?
True
Let i be 1 - (10/(-35) - (-41544)/21). Let a(t) = -102*t**3 - 2*t**2 + 4*t - 4. Let j be a(4). Let x = i - j. Is x composite?
True
Suppose 0*y - 3*y - h - 3 = 0, -5*y - 2*h = 5. Let a(c) = -16754*c + 5. Is a(y) a composite number?
False
Let p = 55 - 50. Suppose -2*s - 8 = 4*z, 2*s + p = 5*z - 3*s. Is (32/96)/(8020/(-8022) - z) prime?
False
Suppose -12*r + 451421 - 47403 = -321802. Is r composite?
True
Suppose -2*d = 5*i + 235, 3*i + 1025*d = 1028*d - 141. Let p = -78 - -56. Let a = p - i. Is a a composite number?
True
Suppose 4*q - 4*c = 6*q - 123838, 0 = -3*q - c + 185732. Is q prime?
True
Let t = -413 + 416. Is (-3)/((-988416)/(-329480) - t) prime?
False
Let o = 428900 - 250809. Is o composite?
False
Let z = 35 - 33. Let a(s) = s**3 + s**2 - s. Let d(p) = -p**3 + 5*p**2 - 8*p + 11. Let x(v) = z*a(v) - d(v). Is x(5) a composite number?
True
Suppose 1 = -10*h + 11. Let u be 3 + h + -1 - -802. Suppose 0*v + u = 5*v. Is v a composite number?
True
Let r = -9458 - -13629. Is r prime?
False
Let b(m) = 360*m**2 + 17*m - 112. Is b(19) prime?
True
Let h = 4650774 - 1213673. Is h a prime number?
True
Let z(x) = -x**3 + 3*x**2 - 9. Let h be z(6). Let t = 228 + h. Is t prime?
False
Let g be -2 - (-20)/(-2 + 6). Suppose -g*j - 5*p = -3443, -737 = -2*j - 4*p + 1557. Is j composite?
False
Let y be 20/(-70) + 69/21. Suppose 841 = l - y*s, -4*l + 1551 = 4*s - 1877. Is l a composite number?
False
Let y = -31 + 29. Let g be (-53216)/(-24) + y/(-3). Is -3 + g/2 + 3 composite?
False
Suppose -15*i + 473 = 128. Suppose -i*s + 31917 = -20*s. Is s prime?
True
Is 705/2585 + (-565592)/(-22) a prime number?
False
Suppose -5970918 - 1466657 = -5*d. Is d a prime number?
False
Suppose 32*w - 85 = 43. Is 1/((-14)/(-42242)) - w/14 prime?
False
Let g(d) = -2*d**2 + 6*d**2 - 46*d - 11*d**2 - 10*d**3 - 2 + 5 + 11. Is g(-9) a prime number?
True
Let a = -18 + 28. Is -4*1 + a/(40/49308) composite?
False
Suppose 5*m - 31342 = 2*j, 3*j - 1971 = -4*m + 23121. Suppose -n + 22163 = -5*w, -2*w - 12283 = -3*n - 3423. Let a = w + m. Is a prime?
False
Let x(n) = 744220*n**3 - 8*n**2 - n + 10. Is x(1) composite?
False
Suppose -s - 20*g = -18*g - 376971, 0 = 3*s + 4*g - 1130915. Is s a composite number?
True
Let n be (9 - 5/5) + -3. Sup